 5279. Let t = 9673 + u. Is t a prime number?
True
Let d(v) = -5*v**3 - 21*v**2 - 33*v + 28. Let u(c) = 9*c**3 + 42*c**2 + 65*c - 56. Let x(q) = 11*d(q) + 6*u(q). Is x(19) prime?
False
Let d(y) = 3*y**3 - 2*y**2 - 2*y + 6. Let m be d(0). Suppose -u + 4*h = -9103, -8*u + h + 18185 = -m*u. Is u a composite number?
False
Let m be (-2 + 3)/(-1*1). Suppose -11*c + 1156 = -2*y - 6*c, 0 = -4*c - 16. Let i = m - y. Is i a prime number?
True
Suppose 0 = -80*m + 84*m - 71*m + 11678971. Is m a prime number?
False
Suppose -2*j = 2*k, j - 5*k = -4*j - 40. Let y(d) = -57*d**3 + 2*d**2 - 9*d - 9. Is y(j) composite?
True
Suppose 0 = 23*r - 5655828 - 5124387. Suppose 45*j - r = 30*j. Is j a composite number?
False
Let z(i) = 553*i + 82. Let a be z(3). Let u = 238 + a. Is u prime?
True
Let b(l) = 28*l**2 + 21 - 11*l**2 - 14*l**2. Is b(6) composite?
True
Suppose 45*i = 53*i - 1480. Let y = i + -82. Is y a composite number?
False
Let w = 311 + -307. Suppose 0 = -3*d + w*q - 79 + 1590, -1963 = -4*d - 5*q. Is d a prime number?
False
Suppose -60 = 10*y - 4*y. Let j be ((-5)/y*-2)/((-2)/8). Suppose 5*k - k + j*d = 1592, -25 = 5*d. Is k a prime number?
False
Suppose 21872713 = 73*o + 124*o. Is o composite?
False
Suppose i + a = 415206, -4634149 = -10*i - 3*a - 482124. Is i prime?
True
Let u(t) = 364*t**2 + t + 1. Suppose 4*m + 8 = 8*m. Is u(m) composite?
False
Suppose 0 = -3*u + 6*u + s + 340, -u - 108 = 3*s. Let w = u - -112. Is (5 - w - 134)*(-1 - 2) composite?
True
Let k be 3/(-6) + 224786/4. Suppose 3*s + 7080 = -3*g + k, 0 = -3*s + 4*g + 49095. Is s composite?
False
Is (-8 + 368/32)/(2/374404) a prime number?
False
Let x(n) = 2*n + 16. Let p be x(-6). Suppose p*b = -8*b + 6*b. Suppose 5*w + 257 = 5*l - 2598, -5*l + 4*w + 2857 = b. Is l prime?
False
Let t = 2494 + -3850. Let h = t + 2433. Is h prime?
False
Let a(j) = -j**3 + 2*j**2 - 2*j + 3. Let o be a(1). Suppose -o*x = -17*x + 150105. Is x a prime number?
True
Suppose 2*p - 13 = -x, 2*x - 1 = 4*p - 7. Let k be (4 + 0/p)*(-2)/(-2). Suppose -5*b + 3*c + 582 = 7*c, -k*b + 2*c + 476 = 0. Is b a prime number?
False
Let t(k) = 5*k + 18. Let l be t(-3). Let i(v) = -2 - 1 - 6*v + 41*v + v**2 + v**l + 19*v**2. Is i(-8) a prime number?
False
Suppose 2*c + a = 4*a + 7, 0 = 4*c - 5*a - 13. Suppose -2*w - c*z - z = -161, 2*w - 166 = -4*z. Suppose -77*o + 580 = -w*o. Is o composite?
True
Let b be 4/(-22) - (-229985)/(-77). Let a = b + 5049. Is (-2)/(-3)*(-6)/(-8)*a composite?
False
Suppose 12*v = -4*d + 7*v + 413203, 2*d - 3*v = 206585. Is d prime?
False
Let g be (6/(-4))/((-12)/(-290384)). Let r = g - -71447. Is r prime?
True
Let o = 78554 + 298705. Is o prime?
False
Let b = 77 + 98. Suppose 0*z = -z + b. Suppose -20 = 5*k + 5*t - 305, 0 = 3*k + 4*t - z. Is k a prime number?
True
Let r = 32 + -32. Suppose -18 = -4*l - r*d + 2*d, -5*d = -5*l + 15. Suppose l = -3*z + 957. Is z a composite number?
False
Suppose -116*z + 124*z = -440. Is ((-22066)/z)/(4/10) composite?
True
Let x = -88787 - -143496. Is x a composite number?
False
Let w(b) = -b**3 + 6*b**2 - 7*b + 4. Let x be w(3). Let r(h) = 14*h**2 - 18 - h - 9*h + 1. Is r(x) a composite number?
False
Let z be (14/(-6) - -2)*(-1998)/2. Suppose -4*w + z = -5*y, -3*y + 16 = w - 63. Is (4/10 + 124/40)*w a composite number?
True
Let b be (-7)/(7/(-22112)) + -4. Suppose k + 1438 = -4*h + 30877, -3*h + b = -5*k. Is h composite?
True
Suppose -2*o + 177 = 175, -z = -o - 138960. Is z a prime number?
False
Let j = 252102 - -163097. Is j a composite number?
True
Suppose 3*z - z + 293 = 5*k, -3*z + 273 = 5*k. Let w = k - 52. Suppose 4*m = -w*q + 20253, 2*q = 2*m + 2*m + 8090. Is q a composite number?
False
Let d be (-115)/46 - 1895/(-2). Let v = d - 380. Is v a prime number?
False
Let h = -341 + 343. Suppose -h*b = -9291 - 7915. Is b composite?
True
Suppose 4*w - 66 - 34 = 0. Suppose -2*f - 6 = 4*a, 25*a + 15 = 23*a - 5*f. Suppose 5*o + a = -w, 2*o + 289 = 3*r. Is r composite?
True
Let k(a) be the third derivative of 227*a**6/20 - a**5/30 + a**4/8 - a**3/3 + 51*a**2. Is k(1) a composite number?
False
Suppose -10 = -14*c + 9*c. Let b be -3 - (-1 - (0 + 7 - c)). Suppose b*i - 360 = -i + 2*p, -i + p = -91. Is i composite?
False
Let y = 8804 - -22190. Let h(l) = -l**2 + 7*l + 2. Let i be h(5). Suppose y + 20378 = i*t. Is t composite?
True
Suppose 5*f + 20 = -4*m, -5*m = -5*f + 3*f + 25. Suppose 5*z - t - 3994 = f, 6*z - z - 4002 = 3*t. Suppose -4*l = 2*j - 992 - z, -5*j + 4442 = -l. Is j prime?
False
Suppose -5*b - 5*j = -135, -2*b + 9 + 48 = 3*j. Is b/348 + (-28791)/(-87) a prime number?
True
Let s(q) = -8*q + 5 - 2*q - 758*q**2 + 759*q**2. Let g be s(10). Suppose -8144 + 35589 = g*f. Is f composite?
True
Let t = 1599 - 1262. Is t a prime number?
True
Suppose 0 = 4*h + k - 85, 3*h - 5*k = h + 37. Is 8/28 + (2 - (-137229)/h) composite?
True
Let w be 6*((-3)/(-9) - 1). Let b(s) = -15*s. Let m be b(w). Let h = 194 - m. Is h a prime number?
False
Suppose -256581003 = -190*y + 43*y. Is y a prime number?
False
Suppose n + 5 = 25. Suppose -n = -2*i - 2*i. Suppose -5*a = x - 788, 0*x - x - 782 = -i*a. Is a a composite number?
False
Is 962649/(-12)*256/(-96) a composite number?
True
Let z be (114 - 119)*(1 - 31407). Suppose -9*f = -143363 - z. Is f a composite number?
False
Suppose -972672 = -43*k + 2979415. Is k a composite number?
False
Suppose -d - 3*d = 164. Let f = 44 + d. Is (f - 4)/((-2)/1838) a composite number?
False
Suppose 23*s = 180 + 142. Is (2437/2)/(7/s) a composite number?
False
Suppose -76*l = -83*l + 14. Suppose -5*j = -t + 3963, -6*t + 15784 = -l*t - 3*j. Is t prime?
True
Let r = -17471 + 9754. Let l(k) = 2246*k - 92. Let w be l(5). Let y = r + w. Is y composite?
True
Suppose 973*y - 19006390 = 843*y. Is y a prime number?
True
Is 1/(2 + 182504/(-20279) - -7) prime?
True
Let m(y) = y**3 - 13*y**2 - 15*y + 21. Let t be m(14). Suppose -2*r + 5810 = 6*q - t*q, -2923 = -r + 5*q. Is r a prime number?
True
Let i = 90894 - -11153. Is i prime?
False
Let h be -1 + -2 + 0*3/(-9). Let y be (-12)/((h/2)/(12/16)). Is y/39 + (-2 - 10173/(-39)) a composite number?
True
Let z(u) = -243925*u + 966. Is z(-5) prime?
True
Let r = 28477 + -18982. Suppose -14*h = h - r. Is h composite?
True
Let d be (-10 - 72/(-7)) + (-267762)/(-7). Suppose -6*a = -5446 - d. Is a prime?
True
Suppose -42 = -7*p - 14. Suppose 3*x = 2*g + 2*g + 3605, p*x = 5*g + 4806. Is x prime?
False
Let z(n) = -994*n**2 + 4*n + 10. Let s be z(-3). Let x = s + 15847. Is x composite?
False
Let x(z) = 8*z - z**2 + 1 - 2457*z**3 + 23*z - 30*z. Is x(-2) composite?
True
Suppose -6*i - 26 = -9*i + s, -4*s = -i + 5. Let m(x) = 177*x**2 - 15*x - 3. Let h be m(-10). Is h/i - (-1 + 3/(-3)) prime?
False
Suppose 10*k - 6*k - 4592 = -2*i, 5*i + 2*k = 11504. Let w be (0/(0 - -2))/1. Suppose i = -w*b + 2*b. Is b composite?
False
Suppose 0 = -3*q - 2*b + 5*b + 10935, 5*q - 3*b = 18229. Suppose 0 = -6*r - r + q. Is r a composite number?
False
Is ((-48234)/(-18))/((-48)/288*(-1 + -1)) prime?
True
Suppose -2*p = -2, 3*p = -0*v - 5*v + 38. Suppose -5*k + v*k + 16 = 0. Let w(j) = j**3 + 9*j**2 - 13*j - 11. Is w(k) composite?
False
Suppose -3*b + 44 - 8 = 0. Is 648009/b + 1/4 a composite number?
False
Suppose -d + 5*o + 102756 = 0, -2*o - 102759 = -104*d + 103*d. Is d a composite number?
False
Let g = -165 + -179. Let w = 135 - g. Is w a composite number?
False
Let v be ((-6)/7)/(-6*3/(-126)). Let j be (-73947)/v + -2*(-3)/4. Is j/30 + 3/45*2 a prime number?
False
Let t = -30 + 44. Let p be (-11)/(-2) + (-63)/t + 5. Is (-2 + 15/p)*(0 + 1262) a composite number?
False
Let j be 4 + 11518 - (-18)/(-24)*4. Is j/(2/8*4) prime?
True
Suppose 15 + 5 = -5*w, 4*k - w = 4. Suppose k = 5*p - 2*p + 74658. Is p/(-26) - 4 - 2/13 a prime number?
True
Let t(j) = 79*j + 191. Let x(f) = 80*f + 193. Let y(g) = 6*t(g) - 5*x(g). Is y(10) prime?
False
Suppose 39*j + 43*j + 2485160 - 7692898 = 0. Is j composite?
True
Suppose -5*x - 5*z + z + 2550 = 0, z = x - 501. Let v = 27 - -13. Suppose v*m = 38*m + x. Is m a composite number?
True
Let s(q) = -24913*q - 534. Is s(-4) a prime number?
False
Let m(h) = -2*h**2 + 25*h + 18. Let q be m(13). Suppose -q*p + 67 = 57. Suppose -5*l = 2*c - 951, -l + 195 = -0*l - p*c. Is l a prime number?
True
Is 20/(-22) - (-685277)/11 a composite numbe